lculate the remainder when 34539506 is divided by 833.
827
What is the remainder when 372197 is divided by 670?
347
Calculate the remainder when 11671294 is divided by 198.
184
What is the remainder when 22727073 is divided by 9033?
45
What is the remainder when 989180 is divided by 535?
500
What is the remainder when 19924 is divided by 6581?
181
What is the remainder when 29458042 is divided by 154?
152
What is the remainder when 1017057 is divided by 28238?
489
Calculate the remainder when 648216 is divided by 72010.
126
Calculate the remainder when 2542417 is divided by 115563.
31
Calculate the remainder when 10773 is divided by 547.
380
Calculate the remainder when 3822787 is divided by 475.
462
What is the remainder when 9826626 is divided by 57?
54
Calculate the remainder when 5361612 is divided by 16.
12
Calculate the remainder when 35052333 is divided by 1584.
1581
What is the remainder when 18662165 is divided by 26698?
263
Calculate the remainder when 6010715 is divided by 5245.
5190
Calculate the remainder when 1502916 is divided by 154.
30
Calculate the remainder when 152579525 is divided by 4960.
5
Calculate the remainder when 1368552 is divided by 1754.
432
What is the remainder when 227760 is divided by 22701?
750
Calculate the remainder when 52216610 is divided by 27.
14
Calculate the remainder when 811556 is divided by 161.
116
Calculate the remainder when 205764 is divided by 102770.
224
What is the remainder when 364942 is divided by 20?
2
What is the remainder when 1085911487 is divided by 18?
17
What is the remainder when 1988290 is divided by 201?
199
What is the remainder when 1551116 is divided by 57447?
47
What is the remainder when 214596 is divided by 104797?
5002
Calculate the remainder when 85621205 is divided by 349.
337
What is the remainder when 18286935 is divided by 62?
35
Calculate the remainder when 1496021 is divided by 708.
17
Calculate the remainder when 34461 is divided by 3630.
1791
What is the remainder when 13457280 is divided by 4485747?
39
Calculate the remainder when 119721 is divided by 392.
161
Calculate the remainder when 71699624 is divided by 288.
8
Calculate the remainder when 1063926 is divided by 1285.
1231
What is the remainder when 359234 is divided by 47?
13
Calculate the remainder when 20175549 is divided by 161.
156
What is the remainder when 117645184 is divided by 57472?
0
What is the remainder when 250256 is divided by 9550?
1956
What is the remainder when 181563 is divided by 670?
663
Calculate the remainder when 2417644 is divided by 805857.
73
Calculate the remainder when 748986 is divided by 748975.
11
What is the remainder when 1496159 is divided by 115?
9
What is the remainder when 7198321 is divided by 97?
48
Calculate the remainder when 1778115 is divided by 1778068.
47
What is the remainder when 170564 is divided by 112?
100
Calculate the remainder when 471621588 is divided by 11.
9
Calculate the remainder when 4020433 is divided by 3119.
42
Calculate the remainder when 17519613 is divided by 3622.
3621
What is the remainder when 3940364 is divided by 578?
138
Calculate the remainder when 46828 is divided by 79.
60
Calculate the remainder when 34930391 is divided by 50.
41
Calculate the remainder when 415342 is divided by 634.
72
Calculate the remainder when 549131 is divided by 527.
524
Calculate the remainder when 1213433 is divided by 621.
620
What is the remainder when 1971443 is divided by 117?
110
What is the remainder when 1141513 is divided by 1404?
61
Calculate the remainder when 562463 is divided by 46837.
419
Calculate the remainder when 317117 is divided by 2687.
51
Calculate the remainder when 2222595 is divided by 1340.
875
Calculate the remainder when 156438643 is divided by 4582.
4581
What is the remainder when 58948 is divided by 56651?
2297
Calculate the remainder when 3328307 is divided by 665656.
27
Calculate the remainder when 149463 is divided by 13348.
2635
Calculate the remainder when 200398 is divided by 55.
33
Calculate the remainder when 618454 is divided by 198.
100
What is the remainder when 44754 is divided by 3724?
66
What is the remainder when 10083 is divided by 7370?
2713
What is the remainder when 942298 is divided by 40969?
11
What is the remainder when 597378769 is divided by 1251?
1249
What is the remainder when 66012 is divided by 2421?
645
Calculate the remainder when 21213860 is divided by 121222.
10
What is the remainder when 3020860 is divided by 167825?
10
Calculate the remainder when 80028 is divided by 2386.
1290
Calculate the remainder when 2739839 is divided by 3216.
3023
What is the remainder when 3028884 is divided by 252399?
96
Calculate the remainder when 13774368 is divided by 71.
13
What is the remainder when 3324366 is divided by 1219?
153
What is the remainder when 2963454 is divided by 44?
10
What is the remainder when 2054956 is divided by 7314?
7036
Calculate the remainder when 42548634 is divided by 1476.
1458
What is the remainder when 5752575 is divided by 1917521?
12
What is the remainder when 52903829 is divided by 510?
509
Calculate the remainder when 429124 is divided by 3277.
3114
Calculate the remainder when 579299 is divided by 289611.
77
Calculate the remainder when 47860 is divided by 22.
10
Calculate the remainder when 1404835 is divided by 280950.
85
What is the remainder when 158638 is divided by 60?
58
What is the remainder when 24237 is divided by 1551?
972
Calculate the remainder when 43213 is divided by 849.
763
Calculate the remainder when 40917 is divided by 3130.
227
Calculate the remainder when 955901 is divided by 5252.
37
What is the remainder when 152394 is divided by 2627?
28
Calculate the remainder when 1818298 is divided by 550.
548
What is the remainder when 29535 is divided by 468?
51
What is the remainder when 117739 is divided by 300?
139
What is the remainder when 7476542 is divided by 274?
178
What is the remainder when 482006944 is divided by 6?
4
Calculate the remainder when 2009 is divided by 952.
105
What is the remainder when 106891982 is divided by 488?
462
Calculate the remainder when 2061492 is divided by 1081.
25
What is the remainder when 189165 is divided by 1169?
956
Calculate the remainder when 174015 is divided by 2.
1
Calculate the remainder when 57235719 is divided by 2390.
2389
Calculate the remainder when 6759 is divided by 137.
46
Calculate the remainder when 142033 is divided by 141992.
41
What is the remainder when 16064836 is divided by 1647?
1645
Calculate the remainder when 2228694 is divided by 2228682.
12
Calculate the remainder when 50589 is divided by 5046.
129
Calculate the remainder when 448152 is divided by 3368.
208
Calculate the remainder when 2033264 is divided by 677753.
5
What is the remainder when 18655675 is divided by 159450?
25
What is the remainder when 215582 is divided by 71820?
122
Calculate the remainder when 499747586 is divided by 1649.
1646
Calculate the remainder when 106845 is divided by 53081.
683
What is the remainder when 16331284 is divided by 3035?
2984
What is the remainder when 30460 is divided by 218?
158
Calculate the remainder when 721165 is divided by 968.
5
Calculate the remainder when 111465 is divided by 462.
123
What is the remainder when 72851 is divided by 12135?
41
Calculate the remainder when 294339 is divided by 97840.
819
Calculate the remainder when 3739337 is divided by 4441.
15
Calculate the remainder when 309525 is divided by 12893.
93
What is the remainder when 15804914 is divided by 724?
718
Calculate the remainder when 34996889 is divided by 11665629.
2
Calculate the remainder when 1315056 is divided by 94.
90
What is the remainder when 1607399 is divided by 22?
13
Calculate the remainder when 10600064 is divided by 1742.
1736
What is the remainder when 46498166 is divided by 6642591?
29
What is the remainder when 95767779 is divided by 107?
104
Calculate the remainder when 472217 is divided by 95.
67
Calculate the remainder when 109165 is divided by 11432.
6277
Calculate the remainder when 104791 is divided by 606.
559
Calculate the remainder when 37440227 is divided by 322.
321
Calculate the remainder when 22844251 is divided by 22844212.
39
Calculate the remainder when 182074 is divided by 3129.
